ors of s?
2, 23
Let t(f) = 11 + 165*f**2 - 83*f**2 - 76*f**2 + 17*f. List the prime factors of t(7).
2, 53
Let i(s) = 4*s**2 + 4*s - 17. Let u = 14 + -5. Suppose -u*v = -5*v + 20. What are the prime factors of i(v)?
3, 7
Let t = -21 - -25. Suppose 4*c = t*y - 2*y - 1410, -2*c + 2139 = 3*y. List the prime factors of y.
3, 79
Suppose -20*r + 163756 = -508056 - 121088. List the prime factors of r.
3, 5, 881
Let h be (-16)/(-7) - 34/119. Suppose -4*g + 0*r - 22 = h*r, 5*r = -15. What are the prime factors of g/(-6) - (-2080)/12?
2, 3, 29
Let i(m) = 2*m**2 - 2*m - 1. Let y(l) = l**2 + 6*l + 7. Let p be y(-3). Let s be i(p). Let z(j) = j**2 - 7*j + 23. List the prime factors of z(s).
67
Let o = -37443 - -62079. What are the prime factors of o?
2, 3, 2053
Let s = 45 - 43. Suppose o + 5*r - 28 = 0, 2*o + r - s*r = 1. Suppose x - 74 = -o*n, 3*x = 7*x + 3*n - 296. List the prime factors of x.
2, 37
Let f(d) = 57*d - 84. Let n(j) = -29*j + 43. Let c(x) = 3*f(x) + 5*n(x). List the prime factors of c(4).
67
Let l = -66 - -68. Suppose -4*g + 2400 = l*g. Suppose g = 7*s + 3*s. What are the prime factors of s?
2, 5
Suppose 10 = 2*r + 3*j, -r + 2 + 3 = j. Suppose 138 = -7*x + r*x. Let q = x - -146. List the prime factors of q.
7, 11
Let r = 10136 - 1437. What are the prime factors of r?
8699
Suppose -4*q + 66 = 2*w, 2*w - 3*q - 74 = -5*q. Suppose -w = 15*k + 2824. Let g = -15 - k. List the prime factors of g.
2, 11
Let w(g) = 2843*g + 1066. List the prime factors of w(5).
7, 37, 59
Let w(c) = -c**3 + 7*c**2 + 4*c - 14. Let y be w(7). Suppose 0*f - 15 = 3*f + 3*r, 2*r = -3*f - y. List the prime factors of (2/f)/((-8)/240).
3, 5
Let q(g) = g**3 + 47*g**2 - 11*g - 117. List the prime factors of q(-41).
2, 5, 521
Let z(v) = v**2 + 2*v - 11. Let r be z(3). Suppose r*x - 37760 = -55*x. List the prime factors of x.
2, 5
Let d be (-1)/((-7)/(-280))*88/(-5). Suppose y - 4*t - 75 = 153, -3*y = -2*t - d. List the prime factors of y.
2, 59
Suppose -h + 71 + 25 = 0. Let o(l) = 3*l**2 - 84. Let x be o(0). Let r = x + h. List the prime factors of r.
2, 3
Suppose n + 3*z - 9681 = 0, -3*n = 154*z - 152*z - 29050. List the prime factors of n.
2, 3, 269
Let a(d) = 41*d - 6*d**2 + 19*d**3 + 7*d**2 - 2 - 20*d**3 - 14*d**2. List the prime factors of a(-18).
2, 5, 11
Let d(b) = -b**2 + 5*b + 5. Let y be d(0). Suppose 0 = -y*m + 2*c + 1511, -5*m - 614 = -7*m - 4*c. List the prime factors of m.
3, 101
Let j = 709 + 8792. What are the prime factors of j?
3, 3167
Suppose l - 5*d - 14 = 4, -5*d = -3*l + 24. Suppose -9*k + 7596 = l*k. List the prime factors of k.
3, 211
Let l(g) = 14*g**2 - 15*g - 7. Let p(d) = -d**2 + d - 1. Let j(c) = l(c) + 3*p(c). Let m be j(-4). Suppose 2*w - m = 6. List the prime factors of w.
2, 5, 11
Let r = 1447 + -3091. Let x = 2314 + r. Suppose 5*q - x = 225. What are the prime factors of q?
179
List the prime factors of (7 + -4 + -2)/((-15)/(-218640)).
2, 911
Let z(j) = 130*j + 1. Let t be z(1). Let g be 23/(-46) + (-270)/4. Let m = g + t. What are the prime factors of m?
3, 7
Suppose 0 = 2*a - 6 - 4. Suppose -4*i - 199 - 1024 = -a*u, -2*i = 4. List the prime factors of u.
3
Let w(q) = 5*q + 14 + 4*q + q**2 - 3*q. Let t be w(-6). Suppose 45*n - t = 43*n. What are the prime factors of n?
7
Suppose -57 = -6*p - 129. List the prime factors of -4*(-1)/p*-2571.
857
Let j(b) = 38*b + 156. Let m be j(-4). Suppose 4*z + m*w + 4 = 12, z - 6 = w. List the prime factors of z.
2
Let u be 8 + (-9)/(54/3648). Let z = u + 958. What are the prime factors of z?
2, 179
Suppose 4*j - 71 = 3*a, -j + a + 22 = 3. What are the prime factors of 562/4 + (-7)/j?
2, 5, 7
Let z = -1576 - -3022. List the prime factors of z.
2, 3, 241
Let h = 4997 + -5001. Let p = -4 - -3. List the prime factors of p/h*2020/5.
101
Suppose -4*g + 195 = 4*h - 3*h, 4*h + 20 = 0. Let j = g + -47. Suppose -j*n = -314 + 68. What are the prime factors of n?
2, 41
What are the prime factors of (7518/147)/(12/2226)?
53, 179
What are the prime factors of (-871946)/30*-1 + ((-676)/(-390))/13?
5, 5813
Suppose -80*z + 84*z - 2*x = 160926, 0 = 5*z - 2*x - 201160. What are the prime factors of z?
2, 20117
Let j(o) = -23*o + 93. Let w be j(31). What are the prime factors of ((-60)/(-8))/((-9)/(-6)) - w?
5
Let j be -4 - -3 - (-7 + 9/3). List the prime factors of -6 - 149/(-3) - (-1)/j.
2, 11
Let k = -9771 + 18410. List the prime factors of k.
53, 163
List the prime factors of ((-489500)/(-24) - -3) + (-13)/(-78).
20399
Let s(v) = 23*v - 48. Let m be s(9). Let f = 219 - m. What are the prime factors of f?
2, 3, 5
Let d(b) = 2*b - 44. Let q = 39 - 19. Let p be d(q). What are the prime factors of (-1 + (-166)/p)*2?
3
Let g(o) = 25*o - 147 + 89*o - 6*o + 17 + 43*o. List the prime factors of g(8).
2, 7, 11
Let p = -5 - -7. Suppose 2*n - p*v + 7 + 11 = 0, -5*v = -4*n - 40. List the prime factors of -1 - (n*17 - -3).
3
Let g(m) = -2*m - 2. Let j be g(-3). Suppose -j*f = -111 - 277. Let u = 61 + f. List the prime factors of u.
2, 79
Let f = 179 + -179. Suppose v - 55 = 4*a + 30, f = v - 5*a - 82. List the prime factors of v.
97
Suppose 0 = -k, -5*k + 41 = -j + 128. Suppose -505 = -5*h - 0*h. Let v = h - j. What are the prime factors of v?
2, 7
Let r(l) be the first derivative of 22*l**3/3 + 11*l**2/2 - 38*l + 70. What are the prime factors of r(4)?
2, 179
Suppose -2*b + 11170 = -5*n, -352*n = 5*b - 349*n - 27894. List the prime factors of b.
2, 3, 5, 31
Let b(a) be the first derivative of 6*a**2 - 23*a - 2. Let q be b(7). Suppose -q = -u + 49. What are the prime factors of u?
2, 5, 11
Suppose n - 189088 = -5*y, -2*y + 75634 = 152*n - 151*n. What are the prime factors of y?
2, 3, 11, 191
Let a be (12/(-8))/(270/(-88) + 3). Suppose -3400 = 12*c - a*c. Suppose 5*l + 5*f - c = 665, 2*l - 417 = f. What are the prime factors of l?
2, 103
Let i(a) = 2*a**2 + 3. Let y be i(-2). Let n be -6 + y + -1*2. Suppose -5*o + 19 = r, 0 = -r + 3*r + n*o - 73. What are the prime factors of r?
2, 11
Suppose -5*f = -36 - 14. Suppose 0 = o + 2*o + 6, 4*m + 3*o = -f. List the prime factors of 77/(2 + 2/m + 1).
7, 11
Let g(h) = 952*h - 804. What are the prime factors of g(9)?
2, 3, 647
Suppose 51*s + 8 = 47*s. Let v be 1/((-1 - -5)/(-4)). List the prime factors of (-9 - s)/(v/24).
2, 3, 7
Let m(c) be the first derivative of -c**4/4 + 14*c**3/3 + 5*c**2 + 14*c - 154. List the prime factors of m(6).
2, 181
Let u(l) = -106*l + 68. Suppose 4*b + 4*o + 32 = 0, -5 = -2*o + 7*o. What are the prime factors of u(b)?
2, 3, 5
Let z = 225 + -81. What are the prime factors of z?
2, 3
Let g(h) = 2231*h**2 - 49*h - 6. What are the prime factors of g(-5)?
2, 7, 4001
Let f be (-18)/30*-5*-15. Let i = f + 151. List the prime factors of i.
2, 53
Let k = -8092 - -18003. List the prime factors of k.
11, 17, 53
Let w = 9904 + -954. What are the prime factors of w?
2, 5, 179
Let r = 10399 + -1333. What are the prime factors of r?
2, 3, 1511
Suppose -3*n = -3*q + 8859, -4*n = q + 2*q + 11805. Let f = -1872 - n. What are the prime factors of f?
2, 3, 5
Suppose 0 = -3*y + 5*s + 1303, -3*y - 5*s = -0*y - 1343. Let n = -216 + y. What are the prime factors of n?
3, 5
Let z(x) = x**3 - 9*x**2 + 10*x + 1. Let c be z(8). Suppose -3*u - 2*p = -c, -6*p = 2*u - p - 26. Suppose 8 = u*a - 88. What are the prime factors of a?
2
Suppose -288*f + 8591033 - 1665785 = 0. What are the prime factors of f?
2, 11, 1093
What are the prime factors of (3 - 217/21)/(10/(-8220))?
2, 11, 137
Suppose 2*m + 24 = -4*x, 0 = -4*m + 2*x + 2*x + 12. List the prime factors of -7*(-31 + 12/m).
7, 37
Let z = 46429 - 25395. What are the prime factors of z?
2, 13, 809
Let b(q) = 15*q**3 - 2*q**2 + 3*q - 10. Suppose 0 + 16 = 3*c - 2*w, 5*w + 33 = 4*c. What are the prime factors of b(c)?
2, 3
Let n = 21 + 5. Suppose 4*i + 29 = h + 6, n = 2*h - 4*i. Suppose 3*a = s + 218, -h*a - 5*s = -0*s - 242. List the prime factors of a.
2, 37
Let z = 3800 - -5561. What are the prime factors of z?
11, 23, 37
Let w(x) = -x**3 - 2*x**2 + 21*x - 30. Suppose 2 - 1 = -r, t = -3*r - 13. List the prime factors of w(t).
2, 5, 7
Let t = -11 + 16. Let n(i) = i**3 - 3*i**2 - 8*i + 7. Let f be n(t). Let q = f + 16. What are the prime factors of q?
3, 11
Let b be (-38)/(-8) + (55/(-20) - -2). Suppose b*u - 3*g - 26 = 13, -4*g = 4. Suppose -1